{"id":38,"date":"2022-10-29T13:55:31","date_gmt":"2022-10-29T11:55:31","guid":{"rendered":"http:\/\/www.apnee.codep45.fr\/?page_id=38"},"modified":"2023-12-13T23:49:00","modified_gmt":"2023-12-13T22:49:00","slug":"liens","status":"publish","type":"page","link":"http:\/\/www.apnee.codep45.fr\/?page_id=38","title":{"rendered":"Liens"},"content":{"rendered":"\n<p><a href=\"https:\/\/apnee.ffessm.fr\/\" target=\"_blank\" rel=\"noreferrer noopener\">FFESSM Apn\u00e9e<\/a><\/p>\n\n\n\n<p><a href=\"http:\/\/crcentreapnee.free.fr\" target=\"_blank\" rel=\"noreferrer noopener\">Comit\u00e9 R\u00e9gion Centre Apn\u00e9e<\/a><\/p>\n\n\n\n<p><a href=\"http:\/\/www.codep45.fr\/\" target=\"_blank\" rel=\"noreferrer noopener\">CODEP45<\/a><\/p>\n\n\n\n<p><a href=\"https:\/\/centreffessm.fr\/codeps-clubs\/\" target=\"_blank\" rel=\"noreferrer noopener\">Les clubs du Loiret<\/a><\/p>\n","protected":false},"excerpt":{"rendered":"<p>FFESSM Apn\u00e9e Comit\u00e9 R\u00e9gion Centre Apn\u00e9e CODEP45 Les clubs du Loiret<\/p>\n","protected":false},"author":1,"featured_media":0,"parent":0,"menu_order":0,"comment_status":"closed","ping_status":"closed","template":"","meta":{"footnotes":""},"class_list":["post-38","page","type-page","status-publish","hentry"],"_links":{"self":[{"href":"http:\/\/www.apnee.codep45.fr\/index.php?rest_route=\/wp\/v2\/pages\/38","targetHints":{"allow":["GET"]}}],"collection":[{"href":"http:\/\/www.apnee.codep45.fr\/index.php?rest_route=\/wp\/v2\/pages"}],"about":[{"href":"http:\/\/www.apnee.codep45.fr\/index.php?rest_route=\/wp\/v2\/types\/page"}],"author":[{"embeddable":true,"href":"http:\/\/www.apnee.codep45.fr\/index.php?rest_route=\/wp\/v2\/users\/1"}],"replies":[{"embeddable":true,"href":"http:\/\/www.apnee.codep45.fr\/index.php?rest_route=%2Fwp%2Fv2%2Fcomments&post=38"}],"version-history":[{"count":10,"href":"http:\/\/www.apnee.codep45.fr\/index.php?rest_route=\/wp\/v2\/pages\/38\/revisions"}],"predecessor-version":[{"id":338,"href":"http:\/\/www.apnee.codep45.fr\/index.php?rest_route=\/wp\/v2\/pages\/38\/revisions\/338"}],"wp:attachment":[{"href":"http:\/\/www.apnee.codep45.fr\/index.php?rest_route=%2Fwp%2Fv2%2Fmedia&parent=38"}],"curies":[{"name":"wp","href":"https:\/\/api.w.org\/{rel}","templated":true}]}}